{"id":48,"date":"2019-04-18T11:12:45","date_gmt":"2019-04-18T09:12:45","guid":{"rendered":"https:\/\/envothemes.com\/envo-ecommerce\/?page_id=48"},"modified":"2023-08-14T16:15:31","modified_gmt":"2023-08-14T14:15:31","slug":"impressum","status":"publish","type":"page","link":"https:\/\/stadtkantine-suhl.de\/bestellung\/impressum\/","title":{"rendered":"Impressum"},"content":{"rendered":"\n<p class=\"has-medium-font-size\">Angaben nach \u00a75 Telemediengesetz<\/p>\n\n\n\n<p><\/p>\n\n\n\n<figure class=\"wp-block-table is-style-stripes\"><table><tbody><tr><td>Unternehmen:<\/td><td>Stadtkantine Suhl<\/td><\/tr><tr><td>Inhaberin:<\/td><td>Therese Schrader<\/td><\/tr><tr><td>Anschrift:<\/td><td>Bahnhofstra\u00dfe 16<br>98527 Suhl<\/td><\/tr><tr><td>Telefon:<\/td><td>0 36 81 &#8211; 35 11 35<\/td><\/tr><tr><td>Fax:<\/td><td>0 36 81 &#8211; 30 80 42<\/td><\/tr><tr><td>E-Mail:<\/td><td><a href=\"mailto:info@stadtkantine-suhl.de\">info@stadtkantine-suhl.de<\/a><\/td><\/tr><tr><td>Internet:<\/td><td>www.stadtkantine-suhl.de<\/td><\/tr><tr><td>Steuernummer:<\/td><td>171\/165\/02666<\/td><\/tr><tr><td>Kammer:<\/td><td>IHK S\u00fcdth\u00fcringen<\/td><\/tr><\/tbody><\/table><\/figure>\n\n\n\n<h3 class=\"wp-block-heading\">Haftungsausschluss<\/h3>\n\n\n\n<p>Haftung f\u00fcr Inhalte<\/p>\n\n\n\n<p>Als Diensteanbieter sind wir gem\u00e4\u00df \u00a7 7 Abs.1 TMG f\u00fcr eigene Inhalte auf diesen Seiten nach den allgemeinen Gesetzen verantwortlich. Nach \u00a7\u00a7 8 bis 10 TMG sind wir als Diensteanbieter jedoch nicht verpflichtet, \u00fcbermittelte oder gespeicherte fremde Informationen zu \u00fcberwachen oder nach Umst\u00e4nden zu forschen, die auf eine rechtswidrige T\u00e4tigkeit hinweisen. Verpflichtungen zur Entfernung oder Sperrung der Nutzung von Informationen nach den allgemeinen Gesetzen bleiben hiervon unber\u00fchrt. Eine diesbez\u00fcgliche Haftung ist jedoch erst ab dem Zeitpunkt der Kenntnis einer konkreten Rechtsverletzung m\u00f6glich. Bei Bekanntwerden von entsprechenden Rechtsverletzungen werden wir diese Inhalte umgehend entfernen.<\/p>\n\n\n\n<p>Haftung f\u00fcr Links<\/p>\n\n\n\n<p>Unser Angebot enth\u00e4lt Links zu externen Webseiten Dritter, auf deren Inhalte wir keinen Einfluss haben. Deshalb k\u00f6nnen wir f\u00fcr diese fremden Inhalte auch keine Gew\u00e4hr \u00fcbernehmen. F\u00fcr die Inhalte der verlinkten Seiten ist stets der jeweilige Anbieter oder Betreiber der Seiten verantwortlich. Die verlinkten Seiten wurden zum Zeitpunkt der Verlinkung auf m\u00f6gliche Rechtsverst\u00f6\u00dfe \u00fcberpr\u00fcft. Rechtswidrige Inhalte waren zum Zeitpunkt der Verlinkung nicht erkennbar. Eine permanente inhaltliche Kontrolle der verlinkten Seiten ist jedoch ohne konkrete Anhaltspunkte einer Rechtsverletzung nicht zumutbar. Bei Bekanntwerden von Rechtsverletzungen werden wir derartige Links umgehend entfernen.<\/p>\n\n\n\n<h3 class=\"wp-block-heading\">Weitere Informationen<\/h3>\n\n\n\n<p>Urheberrecht<\/p>\n\n\n\n<p>Die durch die Seitenbetreiber erstellten Inhalte und Werke auf diesen Seiten unterliegen dem deutschen Urheberrecht. Die Vervielf\u00e4ltigung, Bearbeitung, Verbreitung und jede Art der Verwertung au\u00dferhalb der Grenzen des Urheberrechtes bed\u00fcrfen der schriftlichen Zustimmung des jeweiligen Autors bzw. Erstellers. Downloads und Kopien dieser Seite sind nur f\u00fcr den privaten, nicht kommerziellen Gebrauch gestattet. Soweit die Inhalte auf dieser Seite nicht vom Betreiber erstellt wurden, werden die Urheberrechte Dritter beachtet. Insbesondere werden Inhalte Dritter als solche gekennzeichnet. Sollten Sie trotzdem auf eine Urheberrechtsverletzung aufmerksam werden, bitten wir um einen entsprechenden Hinweis. Bei Bekanntwerden von Rechtsverletzungen werden wir derartige Inhalte umgehend entfernen.<\/p>\n\n\n\n<div class=\"wp-block-group alignfull has-contrast-color has-text-color is-vertical is-content-justification-center is-layout-flex wp-container-core-group-is-layout-f1198d31 wp-block-group-is-layout-flex\" style=\"min-height:40vh;margin-top:0;margin-bottom:0;padding-top:var(--wp--preset--spacing--60);padding-right:var(--wp--preset--spacing--50);padding-bottom:var(--wp--preset--spacing--60);padding-left:var(--wp--preset--spacing--50)\"><div style=\"margin-bottom:6px;\" class=\"is-default-size aligncenter wp-block-site-logo\"><a aria-label=\"(Homepage-Link, \u00f6ffnet in einem neuen Tab)\" target=\"_blank\" href=\"https:\/\/stadtkantine-suhl.de\/bestellung\/\" class=\"custom-logo-link\" rel=\"home\"><img loading=\"lazy\" decoding=\"async\" width=\"99\" height=\"89\" src=\"https:\/\/stadtkantine-suhl.de\/bestellung\/wp-content\/uploads\/2023\/07\/cropped-Logo_Koch_100px.png\" class=\"custom-logo\" alt=\"Stadtkantine Suhl\" \/><\/a><\/div>\n\n\n<ul class=\"wp-block-social-links has-normal-icon-size is-style-logos-only is-nowrap is-layout-flex wp-container-core-social-links-is-layout-53bee8aa wp-block-social-links-is-layout-flex\"><li class=\"wp-social-link wp-social-link-google  wp-block-social-link\"><a rel=\"noopener nofollow\" target=\"_blank\" href=\"https:\/\/www.google.com\/maps\/place\/Stadtkantine+Suhl\/@50.6076941,10.686814,17z\/data=!3m1!4b1!4m6!3m5!1s0x47a39a0059694bd3:0x38c2926b6ed72f83!8m2!3d50.6076941!4d10.686814!16s%2Fg%2F1hjgpl4nb?entry=ttu\" class=\"wp-block-social-link-anchor\"><svg width=\"24\" height=\"24\" viewBox=\"0 0 24 24\" version=\"1.1\" xmlns=\"http:\/\/www.w3.org\/2000\/svg\" aria-hidden=\"true\" focusable=\"false\"><path d=\"M12.02,10.18v3.72v0.01h5.51c-0.26,1.57-1.67,4.22-5.5,4.22c-3.31,0-6.01-2.75-6.01-6.12s2.7-6.12,6.01-6.12 c1.87,0,3.13,0.8,3.85,1.48l2.84-2.76C16.99,2.99,14.73,2,12.03,2c-5.52,0-10,4.48-10,10s4.48,10,10,10c5.77,0,9.6-4.06,9.6-9.77 c0-0.83-0.11-1.42-0.25-2.05H12.02z\"><\/path><\/svg><span class=\"wp-block-social-link-label screen-reader-text\">Besuchen Sie uns auf Google<\/span><\/a><\/li>\n\n<li class=\"wp-social-link wp-social-link-facebook  wp-block-social-link\"><a rel=\"noopener nofollow\" target=\"_blank\" href=\"https:\/\/www.facebook.com\/stadtkantinesuhl\/?_rdc=2&#038;_rdr\" class=\"wp-block-social-link-anchor\"><svg width=\"24\" height=\"24\" viewBox=\"0 0 24 24\" version=\"1.1\" xmlns=\"http:\/\/www.w3.org\/2000\/svg\" aria-hidden=\"true\" focusable=\"false\"><path d=\"M12 2C6.5 2 2 6.5 2 12c0 5 3.7 9.1 8.4 9.9v-7H7.9V12h2.5V9.8c0-2.5 1.5-3.9 3.8-3.9 1.1 0 2.2.2 2.2.2v2.5h-1.3c-1.2 0-1.6.8-1.6 1.6V12h2.8l-.4 2.9h-2.3v7C18.3 21.1 22 17 22 12c0-5.5-4.5-10-10-10z\"><\/path><\/svg><span class=\"wp-block-social-link-label screen-reader-text\">Besuchen Sie uns auf facebook<\/span><\/a><\/li><\/ul>\n<\/div>\n","protected":false},"excerpt":{"rendered":"<p>Angaben nach \u00a75 Telemediengesetz Unternehmen: Stadtkantine Suhl Inhaberin: Therese Schrader Anschrift: Bahnhofstra\u00dfe 1698527 Suhl Telefon: 0 36 81 &#8211; 35 11 35 Fax: 0 36 81 &#8211; 30 80 42 E-Mail: info@stadtkantine-suhl.de Internet: www.stadtkantine-suhl.de Steuernummer: 171\/165\/02666 Kammer: IHK S\u00fcdth\u00fcringen Haftungsausschluss Haftung f\u00fcr Inhalte Als Diensteanbieter&hellip;<\/p>\n","protected":false},"author":1,"featured_media":0,"parent":0,"menu_order":0,"comment_status":"closed","ping_status":"closed","template":"","meta":{"_monsterinsights_skip_tracking":false,"_monsterinsights_sitenote_active":false,"_monsterinsights_sitenote_note":"","_monsterinsights_sitenote_category":0,"footnotes":""},"class_list":["post-48","page","type-page","status-publish","hentry"],"aioseo_notices":[],"_links":{"self":[{"href":"https:\/\/stadtkantine-suhl.de\/bestellung\/wp-json\/wp\/v2\/pages\/48","targetHints":{"allow":["GET"]}}],"collection":[{"href":"https:\/\/stadtkantine-suhl.de\/bestellung\/wp-json\/wp\/v2\/pages"}],"about":[{"href":"https:\/\/stadtkantine-suhl.de\/bestellung\/wp-json\/wp\/v2\/types\/page"}],"author":[{"embeddable":true,"href":"https:\/\/stadtkantine-suhl.de\/bestellung\/wp-json\/wp\/v2\/users\/1"}],"replies":[{"embeddable":true,"href":"https:\/\/stadtkantine-suhl.de\/bestellung\/wp-json\/wp\/v2\/comments?post=48"}],"version-history":[{"count":13,"href":"https:\/\/stadtkantine-suhl.de\/bestellung\/wp-json\/wp\/v2\/pages\/48\/revisions"}],"predecessor-version":[{"id":1045,"href":"https:\/\/stadtkantine-suhl.de\/bestellung\/wp-json\/wp\/v2\/pages\/48\/revisions\/1045"}],"wp:attachment":[{"href":"https:\/\/stadtkantine-suhl.de\/bestellung\/wp-json\/wp\/v2\/media?parent=48"}],"curies":[{"name":"wp","href":"https:\/\/api.w.org\/{rel}","templated":true}]}}

<p class="has-medium-font-size">Angaben nach §5 Telemediengesetz</p>



<p></p>



<figure class="wp-block-table is-style-stripes"><table><tbody><tr><td>Unternehmen:</td><td>Stadtkantine Suhl</td></tr><tr><td>Inhaberin:</td><td>Therese Schrader</td></tr><tr><td>Anschrift:</td><td>Bahnhofstraße 16<br>98527 Suhl</td></tr><tr><td>Telefon:</td><td>0 36 81 &#8211; 35 11 35</td></tr><tr><td>Fax:</td><td>0 36 81 &#8211; 30 80 42</td></tr><tr><td>E-Mail:</td><td><a href="mailto:info@stadtkantine-suhl.de">info@stadtkantine-suhl.de</a></td></tr><tr><td>Internet:</td><td>www.stadtkantine-suhl.de</td></tr><tr><td>Steuernummer:</td><td>171/165/02666</td></tr><tr><td>Kammer:</td><td>IHK Südthüringen</td></tr></tbody></table></figure>



<h3 class="wp-block-heading">Haftungsausschluss</h3>



<p>Haftung für Inhalte</p>



<p>Als Diensteanbieter sind wir gemäß § 7 Abs.1 TMG für eigene Inhalte auf diesen Seiten nach den allgemeinen Gesetzen verantwortlich. Nach §§ 8 bis 10 TMG sind wir als Diensteanbieter jedoch nicht verpflichtet, übermittelte oder gespeicherte fremde Informationen zu überwachen oder nach Umständen zu forschen, die auf eine rechtswidrige Tätigkeit hinweisen. Verpflichtungen zur Entfernung oder Sperrung der Nutzung von Informationen nach den allgemeinen Gesetzen bleiben hiervon unberührt. Eine diesbezügliche Haftung ist jedoch erst ab dem Zeitpunkt der Kenntnis einer konkreten Rechtsverletzung möglich. Bei Bekanntwerden von entsprechenden Rechtsverletzungen werden wir diese Inhalte umgehend entfernen.</p>



<p>Haftung für Links</p>



<p>Unser Angebot enthält Links zu externen Webseiten Dritter, auf deren Inhalte wir keinen Einfluss haben. Deshalb können wir für diese fremden Inhalte auch keine Gewähr übernehmen. Für die Inhalte der verlinkten Seiten ist stets der jeweilige Anbieter oder Betreiber der Seiten verantwortlich. Die verlinkten Seiten wurden zum Zeitpunkt der Verlinkung auf mögliche Rechtsverstöße überprüft. Rechtswidrige Inhalte waren zum Zeitpunkt der Verlinkung nicht erkennbar. Eine permanente inhaltliche Kontrolle der verlinkten Seiten ist jedoch ohne konkrete Anhaltspunkte einer Rechtsverletzung nicht zumutbar. Bei Bekanntwerden von Rechtsverletzungen werden wir derartige Links umgehend entfernen.</p>



<h3 class="wp-block-heading">Weitere Informationen</h3>



<p>Urheberrecht</p>



<p>Die durch die Seitenbetreiber erstellten Inhalte und Werke auf diesen Seiten unterliegen dem deutschen Urheberrecht. Die Vervielfältigung, Bearbeitung, Verbreitung und jede Art der Verwertung außerhalb der Grenzen des Urheberrechtes bedürfen der schriftlichen Zustimmung des jeweiligen Autors bzw. Erstellers. Downloads und Kopien dieser Seite sind nur für den privaten, nicht kommerziellen Gebrauch gestattet. Soweit die Inhalte auf dieser Seite nicht vom Betreiber erstellt wurden, werden die Urheberrechte Dritter beachtet. Insbesondere werden Inhalte Dritter als solche gekennzeichnet. Sollten Sie trotzdem auf eine Urheberrechtsverletzung aufmerksam werden, bitten wir um einen entsprechenden Hinweis. Bei Bekanntwerden von Rechtsverletzungen werden wir derartige Inhalte umgehend entfernen.</p>



<div class="wp-block-group alignfull has-contrast-color has-text-color is-vertical is-content-justification-center is-layout-flex wp-container-core-group-is-layout-f1198d31 wp-block-group-is-layout-flex" style="min-height:40vh;margin-top:0;margin-bottom:0;padding-top:var(--wp--preset--spacing--60);padding-right:var(--wp--preset--spacing--50);padding-bottom:var(--wp--preset--spacing--60);padding-left:var(--wp--preset--spacing--50)"><div style="margin-bottom:6px;" class="is-default-size aligncenter wp-block-site-logo"><a aria-label="(Homepage-Link, öffnet in einem neuen Tab)" target="_blank" href="https://stadtkantine-suhl.de/bestellung/" class="custom-logo-link" rel="home"><img loading="lazy" decoding="async" width="99" height="89" src="https://stadtkantine-suhl.de/bestellung/wp-content/uploads/2023/07/cropped-Logo_Koch_100px.png" class="custom-logo" alt="Stadtkantine Suhl" /></a></div>


<ul class="wp-block-social-links has-normal-icon-size is-style-logos-only is-nowrap is-layout-flex wp-container-core-social-links-is-layout-53bee8aa wp-block-social-links-is-layout-flex"><li class="wp-social-link wp-social-link-google  wp-block-social-link"><a rel="noopener nofollow" target="_blank" href="https://www.google.com/maps/place/Stadtkantine+Suhl/@50.6076941,10.686814,17z/data=!3m1!4b1!4m6!3m5!1s0x47a39a0059694bd3:0x38c2926b6ed72f83!8m2!3d50.6076941!4d10.686814!16s%2Fg%2F1hjgpl4nb?entry=ttu" class="wp-block-social-link-anchor"><svg width="24" height="24" viewBox="0 0 24 24" version="1.1" xmlns="http://www.w3.org/2000/svg" aria-hidden="true" focusable="false"><path d="M12.02,10.18v3.72v0.01h5.51c-0.26,1.57-1.67,4.22-5.5,4.22c-3.31,0-6.01-2.75-6.01-6.12s2.7-6.12,6.01-6.12 c1.87,0,3.13,0.8,3.85,1.48l2.84-2.76C16.99,2.99,14.73,2,12.03,2c-5.52,0-10,4.48-10,10s4.48,10,10,10c5.77,0,9.6-4.06,9.6-9.77 c0-0.83-0.11-1.42-0.25-2.05H12.02z"></path></svg><span class="wp-block-social-link-label screen-reader-text">Besuchen Sie uns auf Google</span></a></li>

<li class="wp-social-link wp-social-link-facebook  wp-block-social-link"><a rel="noopener nofollow" target="_blank" href="https://www.facebook.com/stadtkantinesuhl/?_rdc=2&#038;_rdr" class="wp-block-social-link-anchor"><svg width="24" height="24" viewBox="0 0 24 24" version="1.1" xmlns="http://www.w3.org/2000/svg" aria-hidden="true" focusable="false"><path d="M12 2C6.5 2 2 6.5 2 12c0 5 3.7 9.1 8.4 9.9v-7H7.9V12h2.5V9.8c0-2.5 1.5-3.9 3.8-3.9 1.1 0 2.2.2 2.2.2v2.5h-1.3c-1.2 0-1.6.8-1.6 1.6V12h2.8l-.4 2.9h-2.3v7C18.3 21.1 22 17 22 12c0-5.5-4.5-10-10-10z"></path></svg><span class="wp-block-social-link-label screen-reader-text">Besuchen Sie uns auf facebook</span></a></li></ul>
</div>

<p>Angaben nach §5 Telemediengesetz Unternehmen: Stadtkantine Suhl Inhaberin: Therese Schrader Anschrift: Bahnhofstraße 1698527 Suhl Telefon: 0 36 81 &#8211; 35 11 35 Fax: 0 36 81 &#8211; 30 80 42 E-Mail: info@stadtkantine-suhl.de Internet: www.stadtkantine-suhl.de Steuernummer: 171/165/02666 Kammer: IHK Südthüringen Haftungsausschluss Haftung für Inhalte Als Diensteanbieter&hellip;</p>
